e number?
True
Let z be (0 + -1)*-1*1. Let x(w) = w**3 + 26*w**2 - 17*w + 266. Let c be x(-27). Is (c - -5) + 88/z prime?
True
Suppose 0 = 2*y - 7*y + 15, -5*y + 32784 = -3*m. Let j = -5366 - m. Is j a composite number?
False
Let b be (1 - 13) + 12/2. Let c(i) = -41*i**3 + i**2 - 18*i + 7. Is c(b) a prime number?
True
Suppose i - 9 - 4 = -j, 0 = 5*i - 4*j - 56. Suppose -5*t - 16051 = -i*t. Is t prime?
True
Let d be 2912/3 - 62/93. Let r = d - 425. Is r composite?
True
Is 2288951/14*((-24)/20)/(42/(-70)) a composite number?
False
Let u(j) = -4107*j - 4. Let s(i) = -37878859*i - 36891. Let h(z) = 4*s(z) - 36891*u(z). Is h(-1) prime?
True
Suppose 21*j - 1592770 = 1621469. Is j composite?
False
Suppose -10*h - 14 + 64 = 0. Suppose 0 = -3*x + x + 2*d + 6210, h*x = d + 15509. Is x prime?
False
Let j(s) = 309*s + 8. Let q be j(8). Let c = q + -1593. Is c composite?
False
Is ((-40075880)/(-780))/(2/3) composite?
False
Let c = -109 - -104. Let s be c/(-25)*5 + 7170. Suppose -2*l + 3581 = g, 0 = 2*g + 4*l - 3*l - s. Is g a composite number?
True
Let y = 132699 + 25324. Is y prime?
False
Let j(t) = 5760*t + 113. Is j(14) a composite number?
True
Suppose 0 = 3*g - 4*i - 45, -4*g - 5*i = -0*i - 29. Suppose 94985 = g*n - 22902. Is n composite?
True
Let o be (6324/(-14))/(-2*(-4)/(-56)). Let m = o + -1565. Is m prime?
True
Is (-2653650)/(-14) - 124/(-217) a prime number?
True
Let z = -2177 - -3840. Suppose 2*r = 3*i - 1675, -2*r + z = 3*i + 2*r. Is i a composite number?
False
Is ((-4)/(-6) + (-109116)/36)*(-10 - 23) a prime number?
False
Suppose -3*c - 4*k = -34145, k - 34141 = -3*c - k. Is (7/21)/(1/c) prime?
True
Suppose -4*j = -2*o - 0*j - 84, -o = -3*j + 41. Let m = 11 - o. Suppose -q + 2*f = -76 - m, 3*q - 413 = f. Is q prime?
True
Let y = -7249 + 19112. Is y prime?
True
Suppose -3 = 3*x - 21, -4*u + 5*x - 9286 = 0. Suppose -3*r - 7422 = -r. Let j = u - r. Is j a composite number?
True
Let l = 16 - 16. Let b be -23*(-4 - (3 + l)). Suppose -b = -9*k + 586. Is k a composite number?
False
Is ((-547984)/(-48))/(2/6) composite?
True
Let j = 37 - 27. Suppose 5*m = -5*a - j, 2*a - 3*m = -10 - 4. Is a + 2258 + 3 + 0 prime?
False
Suppose 31*m = 29*m + 16. Let x be (-124)/(-10) + m/(-20). Is -4*(-3)/x*1361 a composite number?
False
Let h(f) be the third derivative of 313*f**5/5 - f**4/6 - f**3/2 - 18*f**2. Let z be h(-1). Let c = z - 2684. Is c a composite number?
True
Let s(v) = -3*v**3 + 3*v**2 - 2*v + 3. Let h be 4*15/12 - 2. Suppose 8 = -h*m - 4. Is s(m) prime?
True
Suppose -29*s + 1211113 = -1515375 - 1030375. Is s prime?
False
Suppose 0 = -3*j - 2*m - 31436, 4*m - 7211 = 2*j + 13773. Let w = j - -16097. Is w a prime number?
False
Let c(d) = -20*d + 3. Suppose a - 29 = 2*q, -3*a + 5*a - 5*q = 62. Suppose -a = 2*v - 5. Is c(v) prime?
True
Let i(r) = 731*r**3 - 14*r**2 + 86*r - 202. Is i(9) prime?
False
Let i(a) = a**2 + 19*a - 27. Let t be i(-20). Is 5/(t/(3 + -7066)) composite?
True
Let s(a) = -1799*a + 922. Is s(-35) prime?
False
Let p(h) be the first derivative of 149*h**3 + 3*h**2/2 + 3*h - 15. Is p(2) composite?
True
Suppose -s = -8 - 11. Suppose -5 = -v + s. Is 398 - (v/15 + (-3)/5) composite?
False
Let t = -16 + 16. Suppose -2 = h, -4*k + 9*k + 4*h - 38547 = t. Is k prime?
False
Suppose -113*u + 105354 + 145878 = -81*u. Is u a prime number?
False
Let w(x) = -179*x - 58. Let u(d) = 16*d + 73. Let h be u(-5). Is w(h) composite?
True
Suppose 0*t - 7 = i - 3*t, -5*i + 1 = -3*t. Suppose 3*o = -i*j + 35, 0*o + 3*j - 14 = -o. Suppose 12*y - o*y - 937 = 0. Is y composite?
False
Let x = 1343 + -18207. Is (1 - x/40) + (-6)/10 prime?
False
Suppose -k + 3*y + 241939 = -27094, -k + 11*y = -269033. Is k prime?
False
Let x(k) = 2*k + 1. Let h(u) = -2*u - 2. Let b(n) = -h(n) - 6*x(n). Let o be b(2). Is 8339/3 - o/(-36) composite?
True
Let t(a) = a**3 + 9*a**2 + 9*a + 10. Let s be t(-8). Let x be 0/s + 14 + 0. Is 742/4 + 21/x prime?
False
Let u = 566 + -568. Is (13*u)/(11/(7172/(-8))) a composite number?
True
Suppose 0 = -5*x - a + 5521791, -5*x + 1776450 = -a - 3745339. Is x a composite number?
True
Let j = 38 + 4. Let x = j - 48. Is (1 - (4 - (-27)/x))*274 prime?
False
Suppose 0 = 4*g + 3*l + 158085, 118566 = -29*g + 26*g - 3*l. Let f = -25220 - g. Is f composite?
True
Let q be (1 - (-3)/(-2))*-1982. Suppose 5*i + 13 = -4*k, 0 = k - 2*k - i - 2. Suppose -q = 4*t - k*h - 3546, -5*t = 4*h - 3217. Is t composite?
False
Let d(r) = r**2 + 7*r - 10. Let o be d(-8). Is (-307)/2*o*5 a prime number?
False
Suppose 0 = 48*n - 3*n - 96615. Suppose x + 2*o = 13981, 3*o + 16153 = x + n. Is x composite?
True
Let v = 63 - 39. Let h = 24 - v. Suppose s + h*b - b = 24, -62 = -3*s - 2*b. Is s a composite number?
True
Suppose -1804669 = -4*s + 7*w, -44009 = -4*s - 5*w + 1760672. Is s a composite number?
True
Let c(x) = -47908*x - 5783. Is c(-6) a composite number?
True
Suppose -2*o - 43928 = -2*f, 21*o = 2*f + 16*o - 43937. Is f prime?
True
Is -195210*(-6)/92 - 54/621 a composite number?
True
Let d be (-2*3834/(-12))/1. Let z = d - -332. Is z a composite number?
False
Let q = 279961 - 399665. Is q/(-16) + (-2)/4 composite?
False
Is 5387*2 - (214 - 221) a composite number?
False
Let f be -608544 - 2 - (-12)/(6 + -2). Is (-6)/16 + f/(-104) prime?
True
Suppose 45 = 7*h + 108. Let s(g) = -12*g**3 - 12*g + 43. Is s(h) a prime number?
False
Is (22 + -1)*6/(-336)*-622184 a composite number?
True
Suppose a - 23 = -5*x, -6*x = -x - 25. Is ((-20)/15)/a + 3577/3 composite?
False
Let z(a) = -a**2 - 5*a + 16. Let c be z(-7). Let v be c/(-10) - 63504/(-45). Suppose 3*q = 548 + v. Is q a composite number?
False
Let n(g) = 60*g**2 + 258*g + 29. Is n(-32) prime?
False
Let i(c) = 2*c - 11. Let g be i(7). Suppose -s + x + 20 = 5*x, 5*s - 8 = g*x. Is -1*(s/4 + -68) prime?
True
Let t = -43710 + 73897. Is t a composite number?
False
Let j be ((-8)/(-3))/2*12/8. Suppose -16*q - j = -15*q. Is (-249 - 5)*q/4 prime?
True
Let s be (-2)/11 + (-33)/(-242)*-2074. Let h = s + 2532. Is h a composite number?
True
Let w(p) = 4*p - 13. Let h be w(4). Let s be (-3 + 3)*2/4. Suppose s = -h*y + 9*y - 2274. Is y composite?
False
Let w = 758936 - 506355. Is w composite?
True
Let x(s) = 90*s**2 - 4*s + 23. Let j be x(4). Let q = -41 + j. Let h = q + 3255. Is h prime?
False
Suppose -3*j - 5*p = -37, j - 53 = -3*j - 3*p. Let l(k) = 7*k + 4*k - 18*k - 5 + 10*k. Is l(j) composite?
False
Let d(t) = t**2 + 28*t + 27. Let r be d(-27). Suppose 5*z + 4*l = -370, r = 2*z + z + 5*l + 209. Is 3894/39 - 3 - 12/z prime?
True
Is (((-237909)/12)/(-7))/(113/13108) a composite number?
True
Let b(m) = 9160*m + 1677. Is b(61) a prime number?
True
Let h be (689/(-26))/((-2)/(-436)). Let l = h - -10766. Suppose 4*q - 3607 = l. Is q prime?
False
Is (-254)/(-635) - (-1358926)/10 composite?
False
Let f(v) = 7*v**3 - 308*v**2 + 68*v + 109. Is f(60) a prime number?
False
Let i(m) = -9*m**3 + 3*m**2 + 4*m - 15. Suppose 77*g - 55 = 88*g. Is i(g) a composite number?
True
Suppose -4*s - 5*x + 74579 + 1362 = 0, 4*s + x - 75921 = 0. Is s composite?
False
Suppose -55*b - 13296 = -49*b. Let r = 1425 - b. Is r a composite number?
True
Suppose 0 = 68*v - 76*v - 9080. Let i = v - -2672. Is i a composite number?
True
Let z = -6 + 10. Suppose 0*r = -2*r + 8, 2*n - z*r = -26. Is 219/(0 - (n + 4)) a prime number?
False
Suppose 46 - 30 = 8*q. Suppose -5*w = 4*d - q*d - 3393, 2*w = -2*d + 1362. Is w a prime number?
True
Let m = 83 + -79. Let k be -1 - 0 - (112 + m). Let s = 856 + k. Is s composite?
False
Let m(s) = -16*s**3 - 26*s - 4. Let g = 174 + -179. Is m(g) composite?
True
Let v(w) = 120*w**2 - 17*w + 14*w - 4*w - 3. Is v(-4) a composite number?
True
Suppose -3*h - 4*n = -70515, 17*n - 70494 = -3*h + 20*n. Is h prime?
False
Suppose -19*b + 26*b = 0. Suppose -2*l + 966 + 3356 = b. Is l a composite number?
False
Let l(h) = 235*h - 55. Let t(j) = -469*j + 112. Let x(n) = 5*l(n) + 3*t(n). Is x(-12) a prime number?
False
Let p(z) be the third derivative of -z**9/4320 + z**7/2520 + z**6/240 + 2*z**5/15 + 17*z**2. Let o(u) be the third derivative of p(u). Is o(-2) prime?
False
Suppose -11 = -y - 3*q, 0 = -4*q + 5 - 1. Suppose -y*s = s - 31419. Is s a prime number?
True
Let q = -3192 - -3197. Let g(k) = 12 - 3 + 25*k + 15. Is g(q) a composite number?
False
Suppose -2